ors of 177536.
2, 19, 73
What are the prime factors of 820211?
7, 19, 881
List the prime factors of 1004260.
2, 5, 149, 337
What are the prime factors of 218939?
7, 31277
List the prime factors of 314694.
2, 3, 17483
List the prime factors of 16385511.
3, 307, 17791
What are the prime factors of 171754?
2, 11, 37, 211
What are the prime factors of 570447?
3, 241, 263
What are the prime factors of 4979169?
3, 13, 42557
List the prime factors of 112436.
2, 28109
List the prime factors of 5581443.
3, 7, 43, 883
What are the prime factors of 3610296?
2, 3, 41, 1223
What are the prime factors of 308474?
2, 89, 1733
List the prime factors of 160698.
2, 3, 26783
List the prime factors of 7079164.
2, 1769791
List the prime factors of 449265.
3, 5, 61, 491
What are the prime factors of 621991?
107, 5813
List the prime factors of 8419127.
23, 389, 941
What are the prime factors of 248213?
7, 59, 601
What are the prime factors of 469865?
5, 11, 8543
What are the prime factors of 2251455?
3, 5, 150097
List the prime factors of 638516.
2, 159629
List the prime factors of 22121.
11, 2011
List the prime factors of 1201493.
1201493
What are the prime factors of 103655?
5, 20731
List the prime factors of 6195823.
6195823
What are the prime factors of 10180052?
2, 2545013
What are the prime factors of 414267?
3, 7, 19727
What are the prime factors of 31202079?
3, 389, 26737
List the prime factors of 406637.
7, 11, 5281
List the prime factors of 173112.
2, 3, 7213
List the prime factors of 23489109.
3, 7, 4603
What are the prime factors of 451548?
2, 3, 37, 113
What are the prime factors of 112479?
3, 37493
What are the prime factors of 199349?
163, 1223
What are the prime factors of 118957?
47, 2531
List the prime factors of 448147.
7, 73, 877
List the prime factors of 17714.
2, 17, 521
List the prime factors of 223108.
2, 17, 193
What are the prime factors of 1102101?
3, 7, 11, 13, 367
List the prime factors of 7569467.
19, 398393
List the prime factors of 3550660.
2, 5, 177533
What are the prime factors of 15950696?
2, 29, 197, 349
List the prime factors of 1041139.
11, 94649
List the prime factors of 819556.
2, 331, 619
List the prime factors of 299920.
2, 5, 23, 163
List the prime factors of 1224488.
2, 269, 569
What are the prime factors of 30809452?
2, 7702363
List the prime factors of 44003280.
2, 3, 5, 47, 83
What are the prime factors of 174392?
2, 21799
List the prime factors of 98600.
2, 5, 17, 29
What are the prime factors of 6960942?
2, 3, 386719
What are the prime factors of 20945?
5, 59, 71
List the prime factors of 495338.
2, 53, 4673
List the prime factors of 223624.
2, 27953
List the prime factors of 950505.
3, 5, 63367
List the prime factors of 8381487.
3, 941, 2969
What are the prime factors of 949839?
3, 11, 107, 269
What are the prime factors of 172936?
2, 21617
List the prime factors of 263245.
5, 17, 19, 163
List the prime factors of 3660924.
2, 3, 47, 6491
What are the prime factors of 17350437?
3, 13, 444883
What are the prime factors of 3663261?
3, 7, 58147
List the prime factors of 323776.
2, 5059
What are the prime factors of 828840?
2, 3, 5, 6907
What are the prime factors of 149128?
2, 7, 2663
List the prime factors of 358346.
2, 179173
List the prime factors of 3184092.
2, 3, 241, 367
What are the prime factors of 3012690?
2, 3, 5, 233, 431
List the prime factors of 1665165.
3, 5, 31, 3581
What are the prime factors of 1752871?
1752871
List the prime factors of 651131.
13, 50087
What are the prime factors of 560668?
2, 140167
List the prime factors of 59179.
23, 31, 83
List the prime factors of 608684.
2, 19, 8009
What are the prime factors of 1425083?
11, 129553
What are the prime factors of 287148?
2, 3, 23929
What are the prime factors of 346145?
5, 107, 647
What are the prime factors of 9279626?
2, 23, 201731
What are the prime factors of 1390912?
2, 103, 211
List the prime factors of 15580076.
2, 19, 29, 7069
List the prime factors of 91938.
2, 3, 7, 11, 199
What are the prime factors of 166246?
2, 101, 823
List the prime factors of 41380.
2, 5, 2069
What are the prime factors of 251205?
3, 5, 16747
What are the prime factors of 14356?
2, 37, 97
What are the prime factors of 489010?
2, 5, 79, 619
List the prime factors of 149394.
2, 3, 7, 3557
What are the prime factors of 4457645?
5, 31, 28759
List the prime factors of 1500331.
7, 67, 457
What are the prime factors of 32751890?
2, 5, 3275189
List the prime factors of 911656.
2, 113957
What are the prime factors of 1970394?
2, 3, 197, 1667
What are the prime factors of 14342769?
3, 7, 227663
List the prime factors of 14646555.
3, 5, 7, 11, 1409
What are the prime factors of 43342288?
2, 11, 89, 2767
List the prime factors of 16996406.
2, 7, 71, 17099
List the prime factors of 230647.
230647
What are the prime factors of 424250?
2, 5, 1697
List the prime factors of 17948092.
2, 1009, 4447
What are the prime factors of 635563?
635563
List the prime factors of 224509.
347, 647
What are the prime factors of 911716?
2, 13, 89, 197
List the prime factors of 1887499.
1887499
List the prime factors of 10368303.
3, 11, 379, 829
What are the prime factors of 120038?
2, 47, 1277
What are the prime factors of 1883250?
2, 3, 5, 31
List the prime factors of 364525.
5, 7, 2083
List the prime factors of 4276515.
3, 5, 285101
List the prime factors of 1415794.
2, 17, 41641
List the prime factors of 816382.
2, 7, 58313
List the prime factors of 19718691.
3, 17, 386641
List the prime factors of 13990974.
2, 3, 2331829
List the prime factors of 15071370.
2, 3, 5, 19, 137, 193
What are the prime factors of 25977379?
25977379
List the prime factors of 667008.
2, 3, 193
List the prime factors of 32215869.
3, 7, 61, 83, 101
List the prime factors of 26287302.
2, 3, 1187, 3691
What are the prime factors of 1126134?
2, 3, 62563
What are the prime factors of 2224311?
3, 19, 39023
What are the prime factors of 123523?
101, 1223
List the prime factors of 1234499.
7, 176357
What are the prime factors of 5171470?
2, 5, 587, 881
What are the prime factors of 11250205?
5, 2250041
What are the prime factors of 24825027?
3, 23, 359783
What are the prime factors of 417566?
2, 281, 743
What are the prime factors of 526410?
2, 3, 5, 5849
List the prime factors of 1341483.
3, 11, 13, 53, 59
What are the prime factors of 52042?
2, 26021
What are the prime factors of 593727?
3, 197909
What are the prime factors of 5592088?
2, 67, 10433
What are the prime factors of 1016646?
2, 3, 23, 53, 139
What are the prime factors of 3104325?
3, 5, 7, 73
List the prime factors of 72344.
2, 9043
What are the prime factors of 1451661?
3, 673, 719
What are the prime factors of 985935?
3, 5, 65729
List the prime factors of 205366.
2, 7, 14669
List the prime factors of 831236.
2, 7, 4241
List the prime factors of 223878.
2, 3, 37313
What are the prime factors of 177010?
2, 5, 31, 571
What are the prime factors of 211568?
2, 7, 1889
List the prime factors of 91232.
2, 2851
What are the prime factors of 338454?
2, 3, 18803
What are the prime factors of 2547892?
2, 17, 89, 421
List the prime factors of 169976.
2, 21247
What are the prime factors of 345557?
31, 71, 157
What are the prime factors of 854482?
2, 427241
List the prime factors of 34116114.
2, 3, 43, 132233
List the prime factors of 7968527.
7, 162623
What are the prime factors of 3639656?
2, 601, 757
List the prime factors of 428785.
5, 7, 12251
What are the prime factors of 272987?
11, 13, 23, 83
List the prime factors of 236324.
2, 11, 41, 131
What are the prime factors of 592789?
29, 20441
What are the prime factors of 5313450?
2, 3, 5, 35423
List the prime factors of 2166080.
2, 5, 7, 967
List the prime factors of 2265021.
3, 11, 137, 167
What are the prime factors of 155944?
2, 101, 193
What are the prime factors of 888464?
2, 55529
List the prime factors of 1461997.
727, 2011
List the prime factors of 297068.
2, 23, 3229
List the prime factors of 4920196.
2, 31, 39679
List the prime factors of 2341427.
11, 17, 19, 659
What are the prime factors of 240309?
3, 26701
What are the prime factors of 2375464?
2, 7, 13, 251
List the prime factors of 11124375.
3, 5, 17, 349
List the prime factors of 48107.
73, 659
What are the prime factors of 15620953?
15620953
List the p